*j - 23*j**2 + 39*j**2 + 11*j**2. Is o(9) a prime number?
True
Suppose 51*y = -74*y + 4093625. Is y composite?
False
Let d be (-46)/(-4) + 0 - (-114)/(-228). Suppose 15*c - d*c = 3644. Is c prime?
True
Let i be 9 - 1 - (38 + -28). Is (4 + i)*(-15)/(-12)*958 a composite number?
True
Suppose -217 - 137 = -3*q. Let p = 117 - q. Is 208 - p/(4/(-12)) a composite number?
True
Is ((-59149)/3 - (-112)/84)/(-1) a composite number?
True
Let h = 49153 + 4620. Is h a prime number?
True
Suppose -5*j - 30 = -4*o, 5*j + 5*o = -0*j - 75. Let h(y) = -2*y + 2. Let v be h(j). Is (v - 20)/((-1053)/1055 - -1) composite?
True
Suppose -5*g - 3*l + 51349 = 0, 3*g + 4*l - 20548 = g. Suppose 0*d + g = 5*u + 3*d, -2*d = u - 2055. Is u composite?
False
Let k(v) = -7*v + 81. Let l be k(11). Is 4129 - (-3 + l + (-2)/(-2)) prime?
True
Suppose 169*g = -57*g + 5747858. Is g a prime number?
False
Suppose 0*p - 12*p = 0. Is ((-24556)/(-8))/7*(p - -2) prime?
True
Let n(j) = -j**3 - 27*j**2 - 23*j + 35. Let k be n(-26). Let u = 46 + k. Suppose -u*r - 2*g = -g - 631, 5*r - 1045 = -5*g. Is r prime?
True
Is (-2)/10 + (-122495508)/(-465) composite?
True
Suppose -p - 21994 + 221643 = 5*i, 20 = 5*p. Is i a composite number?
False
Suppose -2*o + a = 644, -4*a + 7*a = 12. Let i = o + 727. Suppose 2*t + q = 6*q + 823, 2*q - i = -t. Is t composite?
False
Suppose 2010 = 5*s + 4*i, 5*s - 2*i - i = 1975. Suppose 4*z - 1926 = -s. Suppose -2*x = -z - 120. Is x prime?
True
Suppose -2*z + 1286203 = 3*a, z = a - 40949 - 387777. Is a a prime number?
True
Let o(k) = 61*k + 6287. Let z be 2/7 + 17/(119/(-2)). Is o(z) prime?
True
Let l(x) = x**3 - 21*x**2 - x + 23. Let s be l(21). Suppose 51*o - 28180 = 47*o - 2*p, 28164 = 4*o - s*p. Is o a prime number?
True
Suppose 2128 = w - 12064. Suppose 21093 = c + 4*q, c + w - 35265 = q. Is c composite?
True
Let o be 28/7*(-63)/84. Let i(p) = -335*p - 3 - 2 - 59*p. Is i(o) a prime number?
False
Let s be (-16)/(-104) - (-236310)/26. Let o = s + 944. Is o a prime number?
False
Let z(p) = -6*p**3 - 5*p**2 - 10*p - 4. Let m = 33 - 25. Suppose -m*s + 12*s + 20 = 0. Is z(s) composite?
True
Suppose -3*g + 0*g = -5*h + 62, 9 = h - 4*g. Let y = -11 + h. Suppose -5*i + 1675 = -3*x, y*i = 4*x + 715 - 45. Is i prime?
False
Let d = -101425 + 257018. Is d a composite number?
False
Is (-30526606)/363*(9/(-6))/1 composite?
False
Suppose -11*j + 9*j = -t - 148426, -3*t = 5*j - 371065. Is j a composite number?
True
Is 1157991/15 + (3/(-15))/(3/6) a prime number?
False
Suppose -29*l + 1465024 - 1224125 = -2506764. Is l a prime number?
True
Let v(w) = w**3 + 2*w**2 - 1. Let c(p) = 35*p**3 - 2*p**2 - 7*p - 11. Let o(m) = c(m) - 2*v(m). Is o(4) a composite number?
False
Let f = 449864 - 190519. Is f composite?
True
Let t(l) = -l**3 - 13*l**2 - 13*l - 24. Let n be t(-12). Let y be (0 + 1)*(n/(-6) + -5). Is ((-2)/4)/(y + (-2046)/(-684)) a composite number?
True
Let i = 15 + -13. Let c be 0 - i/11 - 85880/(-440). Suppose -c = -o + 4*a, -2*o + 5*a = -11 - 391. Is o prime?
True
Let j be 15/10*(0 + -2). Let s(x) = 186*x**2 - x + 9. Let b be s(j). Suppose -b = -5*z + 1684. Is z a prime number?
False
Let c(i) = 84*i**3 - 7*i**2 - 10*i + 14. Let s be c(4). Let v = 659 + s. Is v a composite number?
False
Let y(n) = 41*n**2 - 1. Let t be 5*(45/25)/3. Let a be y(t). Let f = 877 - a. Is f composite?
False
Let w(a) = -a**2 - 14*a - 32. Let y be w(-10). Suppose 5*k = -25, 4400 = -y*i + 3*i + 3*k. Let z = i + 1532. Is z prime?
False
Let v(b) = 13560*b + 311. Is v(16) a composite number?
False
Suppose -7*o + 210084 = -o. Let k = 57849 - o. Is k composite?
True
Suppose 103807 = 6*h - 26615. Is h a composite number?
False
Suppose 0 = 4*p + 9*p - 26. Suppose 10524 = 4*q - g, 2*q + p*g = -q + 7893. Is q a prime number?
False
Let r(g) = 9*g**2 + 24*g + 34. Suppose 3*b + 6 = 9, 0 = -4*o - 4*b - 36. Is r(o) a prime number?
False
Suppose -5*l + 31*h - 28*h + 21 = 0, -3*l + 5*h + 19 = 0. Suppose 0 = -13*t + l*t + 79930. Is t prime?
True
Suppose 0 = 6*y - 3*y - 12, -56741 = p + y. Is (-8)/28 - p/35 a composite number?
False
Let z(m) = -33*m**2 + 46*m + 12. Let y(j) = j**2 - j + 1. Let v(q) = y(q) + z(q). Let d(k) = -33*k**2 + 44*k + 12. Let t(b) = -4*d(b) + 3*v(b). Is t(-10) prime?
True
Suppose 23*m + 64737 = 24*m - 4*w, 5*m - 5*w - 323775 = 0. Is m prime?
False
Let y(h) = 23*h - 49. Let w be y(-2). Suppose 4*v - 31864 = 4*m + 3920, -3*v = 5*m + 44706. Is (-10)/w - m/57 a prime number?
True
Let y = -62 - 1. Let k be 14/y - (10102/(-18) + -1). Suppose -v - 5*i + k = 0, -8 = 2*i + 2. Is v a composite number?
False
Suppose 258*m - 243590 = 248*m. Is m a prime number?
True
Suppose 291677 = 12*h - 1774225 - 30942. Is h a composite number?
False
Let b(n) = 139*n**3 + 8*n**2 - n - 2. Let l be b(5). Let w = -12439 + l. Is w a prime number?
False
Suppose f + 5*c = 3*c - 5, -5*c - 11 = 4*f. Let h(a) = a**3 - 2*a**2 + a. Let t be h(f). Suppose -v + 5 = 0, -2*p + t*v + 1074 = 4*v. Is p a prime number?
False
Let d(t) = -2*t**3 + 24*t**2 - 13*t - 11. Let l be d(11). Suppose l*u - 73*u = 30270. Is u a prime number?
False
Let v(y) = -y**2 - 8*y - 3. Let u be v(-3). Suppose u = -x - 3. Is (138/x)/(8/(-20)) a composite number?
False
Let d be (1 + 0 + 0)*(-42 - -38). Let i be 5839 + 3/(-12)*d. Let o = 11187 - i. Is o prime?
True
Let y(h) = 11*h - 20. Let z be y(2). Suppose z*g = -2*g + 2092. Is g + 3/(3/4) prime?
False
Suppose 12*d - 21*d = 9036. Let l = 2829 - d. Is l composite?
False
Suppose 0 = -5*x - 2*m + 1, -m - 2*m - 11 = -5*x. Let u be ((-3)/(-12) - (-4017)/12) + x. Suppose 0 = -h + 813 + u. Is h a prime number?
False
Let s(x) = 244*x**2 + 447*x + 9. Is s(-10) a composite number?
True
Let g = -98 + 102. Suppose 5*k - 510 = 5*j, 3*j = -5*k + g*j + 490. Is k prime?
True
Suppose 13*j - 21502717 + 2099346 = 0. Is j a composite number?
False
Suppose 25271 + 48556 = 9*g. Is g a composite number?
True
Suppose -3*v = 4*v - 21. Suppose 5*k - 15 = 0, 5*b - v*k = -3 + 9. Suppose -5*o + 3*f + 7191 = f, -o + b*f = -1433. Is o composite?
False
Suppose 0 = 6*j + 1109 + 1555. Let v = j - -709. Suppose -5*s = 3*r - v, 0 = s - r - 0*r - 53. Is s prime?
True
Suppose 5*o = 2*g - 39179, 34*o - 36*o - 39188 = -2*g. Is g composite?
False
Let n = 55 - 80. Let d = 30 + n. Suppose d*t - 2135 = 3*c, -1281 = -3*t - 4*c - c. Is t composite?
True
Let j be (44/5)/((-14)/35). Let y be -2*3419 - (-19 - j). Let h = -2792 - y. Is h composite?
False
Suppose -1397181 = -98*o - 266359. Is o composite?
True
Let p be (-12)/1*6/4*1. Let r be (-2)/(-6) - 678/p. Let b = 141 - r. Is b prime?
True
Is ((-736169)/(-2))/((-2)/5*(-165)/132) composite?
True
Suppose -26*z = -72*z + 158332. Is z prime?
False
Is 18/27*(-3325039)/(-6) + 76/342 a composite number?
True
Let h(j) = 6*j**3 + 3*j**2 + 7*j - 1. Let g(l) = l. Let a(z) = 2*g(z) - h(z). Is a(-5) a prime number?
True
Suppose -j + 0 = 2, 5*x = -5*j. Suppose x*r - f = 34617, 5*r + 3*f = 8*f + 86530. Is r a prime number?
False
Let f = 919 + 15619. Is f composite?
True
Suppose -14*g = -8102 - 87420. Is g prime?
True
Let b = -188 - -108. Let u = b + 1654. Is u a composite number?
True
Suppose 31*f - 27*f + 160 = 0. Is (2096/f)/((-2)/5) prime?
True
Suppose -2*z + z - 15 = -5*o, 0 = -2*o + z + 3. Let m be 14/(-1 - 9/(-6)). Suppose m = -5*f - o*h + 167, 4*f + h = 120. Is f a prime number?
True
Let z(p) = 43*p**3 + 51*p**2 - 61*p - 35. Is z(12) composite?
True
Let v(p) = 970*p - 15. Let h be v(10). Let m = 23766 - h. Is m a prime number?
True
Is 4216598/12 - (5 + 214/(-12) + 13) a prime number?
True
Suppose 2*d = 58*c - 54*c - 4225398, 3*c + 5*d = 3169016. Is c a prime number?
True
Let i be ((-30)/4)/(6/184). Let b = -427 + 950. Let h = b + i. Is h prime?
True
Let s = -727 - -730. Suppose -f + g - 4*g = -3200, 0 = s*g + 3. Is f a composite number?
False
Suppose 0 = -5*g - 2*x + 4*x + 10550, -x = -5. Let z = 4273 - g. Is z a composite number?
False
Let m(n) = n**3 + 2*n**2 + n + 6. Let p be m(-3). Let z(r) = -r - 2. Let i be z(p). Suppose 0 = -2*f - 4*k + 1426, -5*f - i*k + 3500 = -7*k. Is f prime?
False
Let k = 208 - 201. Suppose 0 = -k*y + 46141 - 4470. Is y prime?
True
Let v(z) = -616*z - 3. Let c = 42 - 44. Let j be v(c). Suppose -j = -4*m + 3807. Is m prime?
True
Let v(h) = h**3 + 2*h**2 - 6*h + 8. Let p be v(-4). S